 by 46.
43
Calculate the remainder when 394 is divided by 96.
10
Calculate the remainder when 877 is divided by 291.
4
What is the remainder when 645 is divided by 72?
69
Calculate the remainder when 107 is divided by 30.
17
What is the remainder when 171 is divided by 37?
23
What is the remainder when 183 is divided by 45?
3
What is the remainder when 235 is divided by 68?
31
Calculate the remainder when 895 is divided by 56.
55
What is the remainder when 52 is divided by 45?
7
What is the remainder when 192 is divided by 13?
10
Calculate the remainder when 110 is divided by 19.
15
Calculate the remainder when 49 is divided by 10.
9
Calculate the remainder when 5510 is divided by 14.
8
Calculate the remainder when 4874 is divided by 92.
90
Calculate the remainder when 395 is divided by 36.
35
Calculate the remainder when 64 is divided by 10.
4
What is the remainder when 175 is divided by 55?
10
Calculate the remainder when 773 is divided by 298.
177
Calculate the remainder when 485 is divided by 70.
65
Calculate the remainder when 199 is divided by 83.
33
What is the remainder when 2422 is divided by 10?
2
Calculate the remainder when 101 is divided by 18.
11
What is the remainder when 266 is divided by 10?
6
Calculate the remainder when 867 is divided by 11.
9
Calculate the remainder when 295 is divided by 102.
91
What is the remainder when 1595 is divided by 27?
2
Calculate the remainder when 931 is divided by 454.
23
Calculate the remainder when 7901 is divided by 26.
23
Calculate the remainder when 2957 is divided by 37.
34
Calculate the remainder when 83 is divided by 2.
1
Calculate the remainder when 44 is divided by 17.
10
What is the remainder when 83 is divided by 15?
8
What is the remainder when 1937 is divided by 281?
251
Calculate the remainder when 150 is divided by 17.
14
Calculate the remainder when 4010 is divided by 174.
8
What is the remainder when 192 is divided by 107?
85
Calculate the remainder when 282 is divided by 86.
24
Calculate the remainder when 113 is divided by 19.
18
What is the remainder when 63 is divided by 13?
11
What is the remainder when 1107 is divided by 6?
3
Calculate the remainder when 191 is divided by 26.
9
Calculate the remainder when 2246 is divided by 125.
121
Calculate the remainder when 91 is divided by 5.
1
Calculate the remainder when 205 is divided by 15.
10
Calculate the remainder when 341 is divided by 55.
11
Calculate the remainder when 26 is divided by 3.
2
What is the remainder when 1727 is divided by 223?
166
Calculate the remainder when 319 is divided by 109.
101
Calculate the remainder when 977 is divided by 10.
7
Calculate the remainder when 5477 is divided by 29.
25
What is the remainder when 115 is divided by 63?
52
Calculate the remainder when 128 is divided by 77.
51
What is the remainder when 971 is divided by 32?
11
Calculate the remainder when 375 is divided by 142.
91
What is the remainder when 3777 is divided by 63?
60
Calculate the remainder when 9 is divided by 2.
1
What is the remainder when 1019 is divided by 170?
169
What is the remainder when 107 is divided by 15?
2
What is the remainder when 55 is divided by 21?
13
Calculate the remainder when 322 is divided by 12.
10
Calculate the remainder when 503 is divided by 14.
13
Calculate the remainder when 419 is divided by 47.
43
Calculate the remainder when 44 is divided by 24.
20
Calculate the remainder when 36 is divided by 24.
12
Calculate the remainder when 5735 is divided by 1432.
7
What is the remainder when 364 is divided by 48?
28
What is the remainder when 1440 is divided by 395?
255
Calculate the remainder when 21824 is divided by 14.
12
What is the remainder when 306 is divided by 77?
75
What is the remainder when 548 is divided by 143?
119
Calculate the remainder when 1184 is divided by 79.
78
What is the remainder when 574 is divided by 23?
22
What is the remainder when 3421 is divided by 163?
161
Calculate the remainder when 4677 is divided by 20.
17
Calculate the remainder when 244 is divided by 144.
100
Calculate the remainder when 241 is divided by 61.
58
Calculate the remainder when 138 is divided by 14.
12
Calculate the remainder when 933 is divided by 33.
9
What is the remainder when 1235 is divided by 405?
20
What is the remainder when 39 is divided by 11?
6
What is the remainder when 349 is divided by 45?
34
Calculate the remainder when 92 is divided by 4.
0
Calculate the remainder when 508 is divided by 130.
118
Calculate the remainder when 114 is divided by 42.
30
Calculate the remainder when 3213 is divided by 201.
198
Calculate the remainder when 1484 is divided by 24.
20
What is the remainder when 620 is divided by 23?
22
Calculate the remainder when 659 is divided by 131.
4
Calculate the remainder when 533 is divided by 512.
21
What is the remainder when 184 is divided by 62?
60
Calculate the remainder when 1806 is divided by 285.
96
What is the remainder when 369 is divided by 164?
41
What is the remainder when 265 is divided by 89?
87
What is the remainder when 923 is divided by 85?
73
Calculate the remainder when 918 is divided by 12.
6
Calculate the remainder when 2018 is divided by 47.
44
Calculate the remainder when 253 is divided by 44.
33
Calculate the remainder when 138 is divided by 76.
62
What is the remainder when 49 is divided by 26?
23
What is the remainder when 257 is divided by 27?
14
Calculate the remainder when 198 is divided by 53.
39
What is the remainder when 1374 is divided by 30?
24
What is the remainder when 19 is divided by 3?
1
Calculate the remainder when 457 is divided by 118.
103
What is the remainder when 48 is divided by 19?
10
What is the remainder when 73 is divided by 25?
23
What is the remainder when 33 is divided by 7?
5
What is the remainder when 536 is divided by 20?
16
What is the remainder when 273 is divided by 11?
9
Calculate the remainder when 356 is divided by 96.
68
Calculate the remainder when 1121 is divided by 49.
43
Calculate the remainder when 68539 is divided by 149.
148
Calculate the remainder when 88 is divided by 41.
6
Calculate the remainder when 118 is divided by 21.
13
What is the remainder when 529 is divided by 62?
33
What is the remainder when 480 is divided by 239?
2
What is the remainder when 288 is divided by 87?
27
What is the remainder when 401 is divided by 13?
11
What is the remainder when 219 is divided by 22?
21
What is the remainder when 35 is divided by 9?
8
Calculate the remainder when 823 is divided by 25.
23
Calculate the remainder when 165 is divided by 34.
29
What is the remainder when 177 is divided by 46?
39
Calculate the remainder when 283 is divided by 47.
1
Calculate the remainder when 858 is divided by 43.
41
Calculate the remainder when 936 is divided by 14.
12
Calculate the remainder when 143 is divided by 49.
45
What is the remainder when 300 is divided by 3?
0
Calculate the remainder when 1051 is divided by 515.
21
Calculate the remainder when 419 is divided by 207.
5
What is the remainder when 182 is divided by 63?
56
What is the remainder when 177 is divided by 13?
8
Calculate the remainder when 127 is divided by 15.
7
What is the remainder when 134 is divided by 9?
8
What is the remainder when 106 is divided by 39?
28
What is the remainder when 30 is divided by 30?
0
Calculate the remainder when 80 is divided by 27.
26
Calculate the remainder when 398 is divided by 82.
70
What is the remainder when 1416 is divided by 129?
126
Calculate the remainder when 510 is divided by 27.
24
What is the remainder when 636 is divided by 8?
4
What is the remainder when 240 is divided by 26?
6
What is the remainder when 102 is divided by 11?
3
Calculate the remainder when 350 is divided by 9.
8
What is the remainder when 383 is divided by 288?
95
Calculate the remainder when 607 is divided by 29.
27
What is the remainder when 358 is divided by 18?
16
What is the remainder when 942 is divided by 35?
32
Calculate the remainder when 268 is divided by 30.
28
What is the remainder when 144 is divided by 39?
27
Calculate the remainder when 208 is divided by 54.
46
What is the remainder when 102 is divided by 53?
49
Calculate the remainder when 218 is divided by 113.
105
What is the remainder when 71 is divided by 13?
6
Calcu